 -1176*z - 7. Let r be b(-2). Suppose 14 = 7*i - r. Is i composite?
False
Let t(o) = 2462*o - 405. Is t(20) a prime number?
False
Let m(o) be the third derivative of 1/8*o**6 + 1/20*o**5 - 1/6*o**4 + o**2 + 0*o + 0 + 1/2*o**3. Is m(2) a prime number?
True
Let z be 5 + -2 + 453/1. Let j = -49 + z. Is j a prime number?
False
Let o(m) = 226*m**3 - 4*m + 3. Let u be o(1). Suppose 6*f = u + 1923. Is f prime?
False
Let v be 3 + (-7)/21 - 4/6. Suppose -4*f - 3*w + 5545 = -3364, 0 = -v*f - w + 4457. Is f composite?
True
Let p(i) = 2197*i - 51. Is p(4) composite?
False
Suppose -55*d + 9482 = -53*d. Is d composite?
True
Let i(m) = -5*m - 20. Let v be i(-3). Suppose -14 = 4*a - 58. Let h = v + a. Is h a composite number?
True
Is (-1 - 2/(-4))*(-7 - 3411) composite?
False
Let g(y) = -y**2 - 5*y + 7. Let i be g(-7). Is (-3)/15 - i/(70/2132) a prime number?
False
Let p(i) = 2*i - 61. Let s be p(0). Let v = 434 + s. Is v a composite number?
False
Let t(j) = j. Let b(i) = 11*i - 8. Let h = 25 + -24. Let w(k) = h*b(k) - 2*t(k). Is w(15) composite?
False
Let u = -62020 - -142467. Is u composite?
False
Suppose b - 3 = 1. Let l(n) = 17*n - 11. Is l(b) a composite number?
True
Let c = 1113 - 433. Let x = c - -135. Is x composite?
True
Is ((24345/(-10))/(-9))/(10/20) a composite number?
False
Let q(a) = 3*a**2 + 11*a + 33. Is q(17) prime?
True
Suppose -5*o + 20 = -3*o. Is 4/o - (-15057)/45 prime?
False
Suppose 33*i = 39*i - 219138. Is i a prime number?
True
Suppose -3*d + 3*y - 6 = 0, 4*y - 10 = -2*d - y. Let b(n) = 265 + 420 + 2*n + 3*n**2 - n**3 - n - n**2. Is b(d) a composite number?
True
Let s(z) = z**3 - 34*z**2 + 97*z - 95. Is s(37) a prime number?
False
Let f(q) = -7*q**3 - 7*q**2 - 5*q + 42. Let b be f(-10). Suppose -28122 + b = -10*g. Is g a prime number?
False
Let z be (-20)/(-150) + 2/(-15). Suppose -3*p + 2*i + 4048 = z, -3*i - 1356 = -p + i. Suppose 2*n = -2*n + p. Is n composite?
False
Suppose 2*c + 33 = 313. Let b = 15 + -10. Suppose -4*q + 3*n - n + c = 0, -5*q + b*n + 165 = 0. Is q composite?
False
Let g = 86 - 61. Let j(x) = 3*x**2 - 61*x - 9. Is j(g) prime?
False
Is 11586 + (3/(-2))/((-24)/16) a prime number?
True
Let l = -263589 - -412162. Is l a prime number?
True
Suppose 15 + 5 = 5*h. Is ((-6)/4)/(-3) - (-19014)/h a composite number?
True
Suppose 0*m + 19 = 3*m - 4*u, 3*m + u + 1 = 0. Is 3147*(11/(-33))/(0 - m) prime?
True
Is ((-4)/((-16)/28))/((-2)/(-298)) composite?
True
Let z(g) = -g**3 + 16*g**2 - 3*g + 44. Let c be z(16). Suppose 0 = -d + 2*l, d - 4*l = 4*d. Is -2 - -193 - d/c prime?
True
Let g(t) = -t + 1. Let r(z) = 19*z - 21. Let j(o) = 2*g(o) + r(o). Let f be j(15). Suppose 3*v = v + f. Is v prime?
False
Suppose 4*k - 7*v - 57770 = -4*v, 28876 = 2*k + 3*v. Is k a composite number?
True
Suppose 9*p = 26*p - 319549. Is p a prime number?
True
Suppose -5*f = -3*u - 47, 6*f - 3*f - 2*u = 29. Suppose 0*r - 679 = -f*r. Is r a prime number?
True
Suppose 0 = -2*v - 2*k + 7182, 19*k - 17*k + 14376 = 4*v. Is v a prime number?
True
Let h be 4/(-7) - 640/(-140). Suppose -2*b - 3*w = -4*w - 2203, -3*b - h*w = -3277. Is b prime?
False
Suppose 806508 - 159640 = 4*z. Is z a prime number?
True
Let k = 113879 - 64822. Is k composite?
False
Let q(m) = 891*m - 119. Is q(6) a composite number?
False
Suppose -5728 = 7*u + u. Let i = u + 1257. Is i a composite number?
False
Let n(t) = 137*t**2 - 68*t + 187. Is n(-26) a prime number?
False
Let q = 12 - 11. Let n = q + 2. Let s(b) = 7*b - 2. Is s(n) a prime number?
True
Let r(v) = 2*v**3 - 18*v**2 + 13*v - 19. Suppose 5*j + 173 = 243. Is r(j) a prime number?
False
Suppose 7551 + 5325 = -6*b. Is (3 + -4)*-3 - b a prime number?
False
Let g(w) = 6574*w + 2. Let j be g(1). Is (-1 + j/(-9))*(-12 - -9) composite?
True
Let d be (-30 - 1)*(-1 - -2). Let f = -218 - -316. Let r = d + f. Is r a prime number?
True
Suppose 0 = -2*i + l + 2469, 4*i - 2470 - 2466 = 4*l. Suppose 2*n - n = -2*x + 241, -5*n - 4*x = -i. Is n prime?
True
Let t = 26 + -24. Let o be (-1 - -2)*(96 - -1). Suppose t*u + 114 = 5*q, 4*u - 5 = -5*q + o. Is q a composite number?
True
Let w = -11 - -20. Let d(t) = -t + 11. Let l be d(w). Suppose l*r + 759 = 5*r. Is r composite?
True
Let q = -1143 + 1613. Let d = 681 - q. Is d prime?
True
Let a(j) = j**2 - 5*j - 4. Let q be a(6). Suppose -4 = -q*l + 10. Is 18*l + (6 - 5) prime?
True
Suppose -2*w = 3*w + o - 18, 0 = -3*w - o + 10. Suppose w*x = 2*x + 106. Is -21*x*(-3)/9 composite?
True
Let l = -3 + 25. Suppose l = 4*w - 2*b, -5*w + 5*b + 32 = b. Suppose 3*f = -2*p + 2225, -w*f + 5*f + p - 740 = 0. Is f composite?
True
Let w = 72 + -76. Is 36975/21 + -2 + w/(-14) a composite number?
False
Let j be (-7)/2*(-26)/13. Suppose 4*t - 9 - j = 0. Let f(u) = 6*u + 1. Is f(t) a composite number?
True
Suppose -2*c + 154 = 550. Let a = c + 359. Is a a composite number?
True
Suppose t - 28379 = -5*s, 0 = 4*t + s - 3*s - 113582. Is t prime?
False
Is 21337251/546 - 3/14 composite?
False
Suppose 6 = 5*b + 2*n, -4*b + 2*n = -4 - 8. Let c be (0 + b)*(-3 + 5). Is -1*1 - (-58 + c) prime?
True
Suppose -4*g - 889 = 5*n, 2*g + 3*n + 449 = 2*n. Let v = -35 - g. Is v a prime number?
True
Let z(t) = -1 - 9*t + 0 - 43*t. Let g(o) = 519*o + 9. Let u(v) = -2*g(v) - 21*z(v). Is u(10) composite?
True
Is 11*34116/132 + (-6 - 0) a prime number?
True
Is -1*2*(-114108)/24 composite?
True
Let k(f) = -f**3 + 6*f**2 + f - 5. Is k(4) composite?
False
Is ((-25299)/(-21))/1 + 26/91 a composite number?
True
Let t = 5655 - -396. Is t a composite number?
True
Let z be -2*(30/(-4) - -3). Suppose -11*h + z*h + 314 = 0. Is h a composite number?
False
Let o = -14 - -18. Suppose 1740 = o*l + 5*z, -3*l - 5*z + 442 + 868 = 0. Let t = -299 + l. Is t prime?
True
Let v(n) be the first derivative of -85*n**2/2 + 14*n + 3. Is v(-5) a composite number?
False
Suppose 8*f - 1616 = 7*f. Let c = f + -925. Is c composite?
False
Let h = 14 - 12. Suppose -h*b + 14 = -b. Suppose v = b + 33. Is v prime?
True
Let g(o) = 85*o**2 + 3*o - 33. Is g(-7) composite?
False
Is (-1)/(2/(-1354)) - (18 - 20) composite?
True
Let f(j) = j**3 - 6*j**2 + 8*j + 6. Suppose -v + 4 = 10. Let t be f(v). Let r = t - -979. Is r a composite number?
True
Let p = 80 - -134. Is p composite?
True
Suppose -7*o + 4*o + 12 = 0, 2*j - 3*o = -8. Suppose -3*n = j*f - 17, -n = -0*f - f + 11. Is f composite?
True
Let s(m) = -m**3 - m**2 + 10. Let q be s(0). Let y = q + -7. Suppose 6*h - 57 = y*h. Is h a composite number?
False
Let a(q) = -q**3 - 3*q**2 + 1. Let h be a(-2). Let l be 340/(-15)*h/2. Suppose 5*k = l + 36. Is k prime?
False
Let d(x) = 335*x**2 + 7*x - 53. Is d(7) composite?
False
Is 4258/(-8)*(8/(-2))/1 a composite number?
False
Is (4261/3)/(13/(-312)*-4) a composite number?
True
Let b(y) be the first derivative of -y**4/4 + 5*y**3/3 + 2*y**2 - 11*y - 1. Is b(-9) prime?
True
Let x(v) = 1115*v**3 + 3*v - 3. Is x(2) a prime number?
True
Suppose 0 = -5*p + j + 3*j + 6, 4*p - j = 7. Let c be 3/p*62/3. Suppose -2*z + c = -2*w + 3*w, 5*w - 199 = z. Is w a composite number?
True
Let n = 1515 - 676. Is n a composite number?
False
Let l(s) = -s + 15 + s**3 - 13*s**2 + 7*s + 5*s. Let o be l(12). Is (o - 2)/(2/322) composite?
True
Let y(n) = -n**3 - 4*n**2 - 7*n - 10. Let x be y(-3). Suppose 0 = x*b - 129 - 589. Is b composite?
False
Let p = 217 - 333. Let t be 4 + p/4*-37. Let z = 1550 - t. Is z a composite number?
True
Is (-5308)/(-3) + 27/(-81) a prime number?
False
Let n = 201 + 239. Let q(a) = a - 1. Let j be q(3). Suppose j*z = -4*r - z + 1759, -z = r - n. Is r a prime number?
True
Suppose 4*w = 8*l - 7*l - 11657, w + 23349 = 2*l. Is l composite?
False
Let a(w) = 4*w + 30. Let n be a(-12). Let i(k) = 9*k**2 - 17*k - 17. Is i(n) composite?
True
Suppose -12*q + 7*q = 3*i - 12490, 0 = 2*q - 2*i - 4980. Is q composite?
True
Let k = -27 - -36. Suppose k = v - 50. Is v a composite number?
False
Is ((-2537205)/44)/(-15) + (-3)/(-4) a composite number?
True
Suppose 0*k = 5*j + 2*k - 17118, -j + 3434 = 3*k. Let p = j + -655. Is p composite?
False
Let f(r) = 21*r**2 - 2*r - 3. Let s = -33 + 31. Is f(s) prime?
False
Let a be ((-18)/6)/(3/10). Let r = a + 7. Is (-212)/(-6) + 1/r prime?
False
Let n(p) = 190*p**2 + 30*p + 23. Is n(15) a prime number?
True
Suppose -2*j + 7 = 3*u, 3*u = j + j + 11. Let z be (-14)